 when ((-2)/(-4)*138)/1 - 1 is divided by 19.
11
Let p(k) = -k - 10. Let q be p(-8). Let v(a) = a**3 + 2*a**2 - 1. Let n be v(q). What is the remainder when 32 is divided by ((-3)/n)/(6/34)?
15
Suppose -90 = -9*k - 18. Calculate the remainder when k is divided by 5.
3
Let y(g) = g**2 + 3*g. Let i be y(-5). Let s be (-1 + i)/(3/9). Suppose -s = -5*a - 7. Calculate the remainder when 6 is divided by a.
2
Suppose -3*h - 2*h = -4*g + 60, 40 = 3*g - 5*h. Let k(m) = m**2 - 5. What is the remainder when g is divided by k(-4)?
9
Suppose 0 = -8*p + 5*p + 15. Suppose 4*n - 10 = -2. Let m = n + p. Calculate the remainder when 18 is divided by m.
4
Let l(g) = -g**3 - 3*g**2 + 4*g - 2. What is the remainder when l(-6) is divided by 28?
26
What is the remainder when (-4)/(-20) + (-1812)/(-15) is divided by 31?
28
Let l(i) = i + 47. Calculate the remainder when l(16) is divided by 22.
19
What is the remainder when 158 is divided by -20*(-2 + -4)/(-3)*-1?
38
Calculate the remainder when 41 is divided by -1 + 0 + (-15)/(-1).
13
Suppose 0 = -s - 4*u + 18, 4 - 2 = 5*s - 2*u. What is the remainder when 4 is divided by s?
0
Suppose 130 = 9*b - 4*b. Calculate the remainder when 47 is divided by b.
21
Suppose 0 = -2*g + 11 + 13. Calculate the remainder when (-9)/(-3)*68/6 is divided by g.
10
Suppose 3*m - 76 = -4. Suppose -5*l + 4 = -3*l. Suppose -l*k + 0*k + m = 0. Calculate the remainder when 33 is divided by k.
9
Let j(o) = 97*o**2 - 3*o + 2. Calculate the remainder when j(1) is divided by 33.
30
Suppose 0 = -17*r + 667 - 38. What is the remainder when r is divided by 10?
7
Suppose -6 = -4*v + 3*v. Let b(n) = n - 4. Suppose -5*k - 16 = 2*p, 4*p - 3*k = -6*k - 4. What is the remainder when p is divided by b(v)?
0
Suppose 2*r + 5*l + 7 = 0, -2*r = -2*l + 3*l - 5. Calculate the remainder when 18 is divided by r.
2
What is the remainder when (-39)/15 + 2 - 5832/(-45) is divided by 44?
41
Suppose -29*p + 28*p + 59 = 0. Calculate the remainder when p is divided by 33.
26
Suppose -6*j + j + 115 = 0. Let s = 5 - 3. Suppose t = -s*r + 6, 5*t = t + 4*r + 36. Calculate the remainder when j is divided by t.
7
Suppose m = -3*m + 24. Let w(v) = -2*v**2 + 7. Let h be w(m). Let z = h + 92. Calculate the remainder when z is divided by 14.
13
Suppose 0*i + 170 = 5*i. Let o be (1/3)/((-1)/(-15)). Suppose 3*k - 2*z - 31 = -z, -o*z = 5*k - 85. What is the remainder when i is divided by k?
10
Suppose 3*v - 34 - 233 = 0. What is the remainder when v is divided by 30?
29
Let o(j) = -j + 6. Let u be o(3). Suppose v = -u*v. Let h = v + 10. Calculate the remainder when h is divided by 4.
2
Suppose -9*g = -4*g - 75. Let u = 25 + -9. Suppose -3*l + u = l. What is the remainder when g is divided by l?
3
Suppose 5*w + 3*q - 66 = 0, 0 = -5*w + 5*q + 25 + 25. What is the remainder when ((-376)/20)/((-4)/10) is divided by w?
11
Suppose 4*d + 14 = -i, 5*i - 3*d + 6 = 28. Suppose -i*u = u - 66. What is the remainder when u is divided by 8?
6
Suppose g + 66 = 2*d, 0*d + 74 = 2*d + 3*g. Let a = 6 + -2. Suppose 2*r + a*o = 24, -o = -3*r - 2*r + 60. What is the remainder when d is divided by r?
10
Let i = 45 + -19. Suppose s + 5*u = 37, -i = -4*s - u + 27. Calculate the remainder when (4/(-1))/((-4)/34) is divided by s.
10
Let t = -63 - -89. What is the remainder when t is divided by 15?
11
Suppose 0 = -v + 3*v + 24. Let h = -3 - v. Let r(a) = -a**2 + a + 25. What is the remainder when r(0) is divided by h?
7
Suppose -5*s - 8 = -s. Let m = -20 - -30. Calculate the remainder when m is divided by 1/s*-4 + 4.
4
Calculate the remainder when ((-3)/9)/(2/(-78)) is divided by 8.
5
Let b(p) = -1 - 6 + 4 - 2*p. Let c(l) = -l**2 - 12*l + 8. Let o be c(-13). Calculate the remainder when 11 is divided by b(o).
4
Suppose -2*w + 23 - 17 = 0. What is the remainder when 9 is divided by w?
0
Suppose -3*u + 0*u = -204. Suppose u = 3*i + i. What is the remainder when i is divided by 9?
8
Suppose 1 = -k + 2*k. What is the remainder when -2 + k - (-2)/1 is divided by 1?
0
Let k = 133 - 93. Let l = k - 30. Calculate the remainder when 19 is divided by l.
9
Suppose 3*l + 45 = -0*l. Let r = 21 + l. Suppose -4*b + 6*b - 46 = 0. What is the remainder when b is divided by r?
5
Let i be (-29)/(1 - (3 - 1)). Suppose -p = 3 - 11. What is the remainder when -1*(-3 + 1 - i) is divided by p?
7
Suppose 0 = -5*w - 10, -5*s - 3*w + 14 = -80. What is the remainder when s is divided by 11?
9
Suppose -14*a = -48 - 78. What is the remainder when 43 is divided by a?
7
Calculate the remainder when 42 is divided by (-4 - -8)*4/1.
10
Let j be 24/10*(-10)/3. Let h(k) = -2*k - 11. What is the remainder when 8 is divided by h(j)?
3
Let v be (-6)/(-4) - (-3)/(-2). Suppose a - 3*a + 24 = v. What is the remainder when 33 is divided by a?
9
Let a be (-1)/3*(-9 + 0). Suppose -a*f + f = 16. Let s = f + 16. What is the remainder when 15 is divided by s?
7
Let s be (1 - 1)/(-3) + -19. Let n = 15 - s. Suppose -7*j + 0*j = -126. Calculate the remainder when n is divided by j.
16
Let n(f) = -f**2 - f - 4. Let d(j) = 3*j**2 + 2*j + 13. Let r(g) = 3*d(g) + 8*n(g). What is the remainder when r(5) is divided by 8?
6
Let h be (-23)/3 - (-6)/9. Let n be h/(-3)*6/2. Suppose -4*r + 35 = n. What is the remainder when 13 is divided by r?
6
Let n(l) = -l**3 + 6*l**2 + 2*l + 2. What is the remainder when n(5) is divided by 13?
11
Suppose -4*s = 3*g - 44, 14 - 2 = -g + 4*s. Let c(n) = -2*n**2 - 5*n**3 + 2*n**3 - n - 2*n. Calculate the remainder when c(-2) is divided by g.
6
Suppose 2 = -3*c + 2*u, 2*c = 3*c - 4*u + 14. Let a(m) = -m**2 - 10*m - 11. Calculate the remainder when a(-8) is divided by c.
1
Suppose 5*v = -11 - 59. Let x = v - -26. Calculate the remainder when 35 is divided by x.
11
Suppose -5*u + 34 = -126. Suppose -u = -3*x - x. Calculate the remainder when 22 is divided by x.
6
Let m be 6/2 + 0 + 1. Suppose -m*a + 2 = -30. Let t(j) = 13*j**2 + 1. What is the remainder when t(1) is divided by a?
6
Suppose 3*h - l - 123 = 2*l, 4*h - 164 = -4*l. Suppose 4*f = 3*r + 66, 4*r - 4*f + h = -43. Let i = r - -28. Calculate the remainder when i is divided by 4.
2
What is the remainder when 6/(-4) - 595/(-14) is divided by 11?
8
Suppose 21 = 4*g + 9. Calculate the remainder when 266/6 + g/(-9) is divided by 15.
14
Suppose 6 + 1 = f. What is the remainder when 26 is divided by f/(-3)*(-12)/2?
12
Suppose -4*u + 8 = -0*u. Suppose u*t + 2*o = -2*t + 22, 5*o + 1 = 4*t. Let l = -1 + 7. Calculate the remainder when l is divided by t.
2
Let u = -153 + 236. Suppose 5*d + 3*a = u, d = 3*d - 3*a - 29. Calculate the remainder when d is divided by 9.
7
Let d = 72 - 53. Calculate the remainder when 37 is divided by d.
18
Suppose 20 = -4*c, -5*v - c + 11 = 1. What is the remainder when 3 is divided by v?
0
Let o(i) = -i**2 - i. Let w(l) = -l**3 - 3*l**2 - 5. Let x(h) = -2*o(h) + w(h). Let a be -5 + 1 - 0/1. What is the remainder when x(a) is divided by 12?
11
Let v(j) = 13*j**3 - j**2 + 1. Suppose -2*t = 3 + 3. Let w be (-3 - -1)/(t + 1). What is the remainder when 24 is divided by v(w)?
11
Let r = -29 - -73. What is the remainder when 130 is divided by r?
42
Suppose 4*l = 5*u + 85, 4*l - l - 3*u = 60. Suppose 6*y - 40 = 2*y. Suppose 5*g + 215 = y*g. Calculate the remainder when g is divided by l.
13
Let o(i) = i**3 + 5*i**2 + 2*i - 3. What is the remainder when 26 is divided by o(-3)?
8
Let h(n) = n**3 - 8*n**2 - 7*n - 13. What is the remainder when h(10) is divided by 30?
27
Suppose -t - s = -2*t + 56, 2*s + 220 = 4*t. What is the remainder when 214 is divided by t?
52
Suppose -n = -28 - 10. Calculate the remainder when 75 is divided by n.
37
Suppose -3*d + 109 = -56. Let b(i) = -13*i + 1. Calculate the remainder when d is divided by b(-1).
13
Let r = 7 - 12. Let w = 24 + r. What is the remainder when 56 is divided by w?
18
Let n = -10 + 25. Calculate the remainder when n is divided by 6.
3
Suppose 4*m - t - 12 = 0, -t + 2*t = 2*m - 6. Suppose -5*h = 4*k - 25, 5*h - 5*k + 5 = -m*k. What is the remainder when 2 is divided by h?
0
Let s(z) = -12*z + 1. Let r(f) be the first derivative of 8*f**3 + 2. Calculate the remainder when r(-1) is divided by s(-1).
11
Let a be (-2)/2 - (-1 - 0). Suppose -2*o + a*o + 22 = 0. What is the remainder when o is divided by 4?
3
Let o be (-2)/(-6 - 